 Let o(f) = 5*f**3 + f**2 - 8*f + 8. Let q(s) = 6*c(s) - o(s). List the prime factors of q(6).
2
Let a(r) = -r**2 - 4*r + 5. Let b be a(-4). Suppose -2 = b*o - 2*p, -3*p - p + 4 = o. What are the prime factors of 10 + -2 + (1 - o)?
3
Let w(v) = v + 1. Let z be w(-2). Let t(n) = -19*n + 4 + 7*n - 1 - 4. What are the prime factors of t(z)?
11
Suppose 0 = 49*o - 47*o - 488. What are the prime factors of o?
2, 61
Let x(t) = 12*t - 18. List the prime factors of x(10).
2, 3, 17
Let r be (-106)/(-8) + 2/(-8). Let n = r + 5. Suppose 0 = -0*m - 2*m + n. What are the prime factors of m?
3
Let l = 61 + -33. Let f = l + -20. Suppose -4*w + 8*w = f. What are the prime factors of w?
2
Let w(h) = 23*h**3 - 2*h**2 + h. Let j be w(1). Suppose -27*m + 25*m = -j. What are the prime factors of m?
11
Let d = 82 + -63. List the prime factors of d.
19
List the prime factors of (-145)/((10/5)/(-2)).
5, 29
Suppose -21*q - 220 + 640 = 0. What are the prime factors of q?
2, 5
Let m(j) = j. Let o(z) = -z**3 - 2*z**2 - 3*z. Let l be o(-2). List the prime factors of m(l).
2, 3
Let j = 16 + -12. Let z = 3 + -1. List the prime factors of -2 + (j - z) - -5.
5
Suppose 2*o = -q + 290, 2*o - 209 = 5*q + 93. What are the prime factors of o?
2, 73
Suppose 4*h - 2*y - 45 = 5, -h - 3*y = 5. Let g = -6 - -10. Suppose z = -g*z + h. What are the prime factors of z?
2
Suppose 7*k - 238 = 2*k - 4*t, -38 = -k + 4*t. Suppose n = 3*g - k, g + 5*n - 2 = 2*n. What are the prime factors of g?
2, 7
Let o(j) be the first derivative of -j**4/2 - j**3 - j**2/2 - j - 1. Let h(w) = -4*w - 82. Let a be h(-20). List the prime factors of o(a).
5
Suppose -3*x + 4 = h - 149, -4*x - 407 = -3*h. Suppose 3*c + h = 4*f, 4*c - 162 = -5*f + 3*c. Suppose 0 = -5*n + 2*n + f. What are the prime factors of n?
11
Let v = -31 - -56. What are the prime factors of v?
5
Let w = -354 - -526. Suppose 2*k + w = 5*f - k, 180 = 5*f + 5*k. Suppose 5*s + f = 2*a, s + 2*s + 29 = 2*a. List the prime factors of a.
2, 5
Let y be 1 + (3/3)/(-1). Suppose -2*v = -y*v - 24. List the prime factors of v.
2, 3
Let j(y) = -y**2 - 3*y + 4. Let u be j(-4). Suppose u = -d - d + 88. Suppose -2*l + d = 2*l. What are the prime factors of l?
11
Let h = 6 - 5. What are the prime factors of 5 + ((-2)/2 - h)?
3
Let r(s) = 10*s**3 - 7*s**2 + s + 7. Let m(p) = p**3 - p**2 + 1. Let q(f) = 6*m(f) - r(f). List the prime factors of q(-1).
5
Let d(j) = -j**2 - 8*j - 4. Suppose -g = 5*w + 35, 2*w - 2*g - 6 + 20 = 0. Let a be d(w). Let q = 5 - a. List the prime factors of q.
2
Let l be 4/(-10)*1*-20. Let f(x) = 4*x**3 + 9*x**3 - 2*x**2 + 10*x + 9*x**2 - 7 - 14*x**3. List the prime factors of f(l).
3
Let n(t) = t**3 + 13*t**2 - 3*t + 15. What are the prime factors of n(-13)?
2, 3
Suppose 70 = 2*b - 8. Let a be (-6)/21 - 382/(-14). Let q = b - a. List the prime factors of q.
2, 3
Suppose 3*q + 0 = 6. What are the prime factors of q - (3 - 3) - -17?
19
Suppose -3*f + 0*f = -72. What are the prime factors of f?
2, 3
What are the prime factors of 32/(-4 + 6) + -2?
2, 7
Suppose 4*o = -5*l + 116, 4*o + 0*o + 3*l - 108 = 0. Suppose 0*z = 5*z - 20. Suppose z*n - 8 = o. What are the prime factors of n?
2
Suppose -3*v + 5*j = -18 - 37, 2*v = -5*j + 20. Let x(k) = -k - 1. Let o be x(-2). List the prime factors of v/5 - (o - 10).
2, 3
Let w(x) = 3 + x - 3*x + x - 4. What are the prime factors of w(-4)?
3
Let v = -70 + 103. List the prime factors of v.
3, 11
Let n = 0 - 2. Let y be ((-1)/n)/(-1)*-16. Let b = -6 + y. What are the prime factors of b?
2
Let g(x) = x**2 + 5*x + 5. Let f be ((-2)/3)/(2/15). What are the prime factors of g(f)?
5
Suppose 4*n - 128 = 5*k, -4*n + 3*k = -9*n + 160. List the prime factors of n.
2
Suppose 2*i - i = 5. Suppose i*a - 11 = 9. What are the prime factors of a?
2
Let d be 10/4*(-8)/(-10). Suppose -d*y + 16 = 2*y. List the prime factors of y.
2
Suppose -54 = -5*u + 96. What are the prime factors of u?
2, 3, 5
Suppose 4*d + 140 = 4*b, 2*d + 34 + 30 = -4*b. Let l = d - -65. List the prime factors of l.
31
Suppose -3*s + x = -1, 3*s + 3*x + 3 = -2*s. Suppose -3*y + 3 = 4*a - 1, a - 3*y - 1 = s. List the prime factors of (a/(3/(-33)))/(-1).
11
Suppose 895 - 199 = 4*v. List the prime factors of v.
2, 3, 29
Let c be (-2 + -16)/2 + 2. Let p = 5 - c. List the prime factors of p.
2, 3
Let s(t) = -24*t - 14. Let l(u) be the third derivative of -5*u**4/24 - u**3/2 + 2*u**2. Let g(y) = 14*l(y) - 3*s(y). List the prime factors of g(2).
2
Let b = 61 + 19. List the prime factors of b.
2, 5
Let c be ((-4)/5)/(8/(-140)). Let n = -1 + c. Let j = 24 - n. What are the prime factors of j?
11
Suppose 2*f + 8 = -4*i, -f - 4*i = 1 + 9. Suppose 14 = f*s - 20. What are the prime factors of s?
17
Let y(c) = -3*c**2 - 7*c + 9. Let i(f) = -f**2. Let q(h) = -4*i(h) + y(h). Suppose -2*g + 5*j - j + 30 = 0, 4*g - 4*j = 44. What are the prime factors of q(g)?
3
List the prime factors of ((-4)/10 - (-24)/10) + 51.
53
Suppose -3*c + 16 = -38. What are the prime factors of (-1176)/(-54) + 4/c?
2, 11
Let l = 629 - 285. What are the prime factors of l?
2, 43
Suppose -8*y = -9*y + 13. List the prime factors of y.
13
Suppose 0 = -4*i - 5*g - 3, 4 = i + 4*g + 13. What are the prime factors of i?
3
Suppose 2*h = -3*t - 121, -2*h - t + 4*t = 139. What are the prime factors of (h - -8)*(-2)/6?
19
Let g(t) be the first derivative of 2*t**3 + t**2/2 - 2*t - 4. List the prime factors of g(-2).
2, 5
Let p = 13 + -48. Let c = -15 - p. List the prime factors of c.
2, 5
Suppose 4*j - 1137 = -5*r, -8 = -3*r - 5. What are the prime factors of j?
283
Suppose 0*k - k + 24 = 0. Let l = k + 23. What are the prime factors of l?
47
Suppose -3*o = 2*o + s - 985, 2*o - s - 394 = 0. What are the prime factors of o?
197
Let m be 27/(-6)*(-8)/12. Let f(g) = 0*g - m + 2 + 8 + g. List the prime factors of f(8).
3, 5
Let u(t) be the second derivative of t**4/3 - t**3/6 + 4*t. Let b be u(1). Let c = 2 + b. What are the prime factors of c?
5
Suppose -4*p = 4*j - 168, 5*j = p - 46 + 226. What are the prime factors of j?
37
Let l(v) = -3*v + 0 - 5 + 6*v. Let a(d) = -d + 4. Let y be a(0). List the prime factors of l(y).
7
Suppose 3*z - 2 + 17 = 0. Let u(a) = -a**3 - a**2 - a - 6. Let r be u(0). List the prime factors of (2/r)/(z/135).
3
Let s = -540 - -813. What are the prime factors of s?
3, 7, 13
Let n = 4 - 1. Let b(g) = -g**2 + 2*g + 3. Let d be b(n). Let r(h) = -h**2 - h + 5. List the prime factors of r(d).
5
Suppose -n + 6 = 3*g, -4*n - 22 = n + 2*g. Let b be 4*(0 + (-3)/n). Suppose -4*p + 6 = -b. What are the prime factors of p?
2
Suppose 5*b = 2*b + 12. Let i = 9 - b. Suppose -i*d = -5*o - 30, 5*d - 18 = 2*d + 2*o. List the prime factors of d.
2, 3
Let d(c) = c**2 - c - 110. List the prime factors of d(-13).
2, 3
Suppose 2*i = p - i + 6, 46 = 4*p + 2*i. List the prime factors of p.
3
Let t = -25 - -43. List the prime factors of t.
2, 3
Suppose 2*r + 148 = 6*r. List the prime factors of r.
37
Let k = -4 + 7. Suppose u - 1 - k = 3*j, 2*j = 4. What are the prime factors of 12/10*25/u?
3
Suppose -2*y + 11 = 3*y - 2*o, 5*y - 3*o = 9. Suppose 260 = 2*s + y*s. What are the prime factors of s?
2, 13
Suppose 3*s + 10 = 4, -4*s = 5*u + 53. Let f = -3 - u. List the prime factors of f.
2, 3
Let i(y) = 2*y**2 + 3*y + 3. Let b be i(-2). Suppose 0*s = -j - s - 1, 0 = 4*j - b*s - 23. Let p(f) = 4*f + 1. What are the prime factors of p(j)?
3
Let v(y) = -2*y - 5 - y**2 + 3*y + 3 + 5*y. Let d be v(6). What are the prime factors of (-2)/(-1) - d/1?
2
Let y = 2 + 27. What are the prime factors of y?
29
Suppose 2*w = 3*y + 8, w + y - 1 = 3. Suppose -2*i = 6*k - 3*k - 2, -w*k = -i - 10. What are the prime factors of i/(-6) - (-105)/9?
2, 3
Suppose 0*u - 8*u + 88 = 0. What are the prime factors of u?
11
Let u(g) = -33*g + 41. What are the prime factors of u(-7)?
2, 17
Let p(t) = t**3 + 4*t**2 - 2*t - 6. Let f be p(-4). Suppose -3 = -g - f. Let l = 2 + g. List the prime factors of l.
3
Let l(u) = u**3 - 2*u**2 - 3*u + 3. Let y be l(2). Let q be (-1 - y)/(4/18). Suppose -3*m + q = -3. What are the prime factors of m?
2
Let q = -63 - -109. List the prime factors of q.
2, 23
Suppose 753 = 4*y + 153. What are the prime factors of y?
2, 3, 5
Suppose 9 = -r + 4*r. Suppose b = r*u + 2 + 3, 4*b + 25 = -3*u. What are the prime fa